{"id":165,"date":"2021-12-07T15:33:12","date_gmt":"2021-12-07T14:33:12","guid":{"rendered":"https:\/\/thomaswalsdorf.de\/?page_id=165"},"modified":"2021-12-07T15:33:12","modified_gmt":"2021-12-07T14:33:12","slug":"impressum","status":"publish","type":"page","link":"https:\/\/thomaswalsdorf.de\/?page_id=165","title":{"rendered":"Impressum"},"content":{"rendered":"\n<h2 class=\"wp-block-heading\">Adresse<\/h2>\n\n\n\n<p>Thomas Walsdorf<\/p>\n\n\n\n<p>Bachstrasse 6<\/p>\n\n\n\n<p>15827 Blankenfelde<\/p>\n\n\n\n<h2 class=\"wp-block-heading\">Kontakt<\/h2>\n\n\n\n<p>Telefon: 01525 &#8211; 391 25 71<\/p>\n\n\n\n<p>Mail: <a href=\"mailto:thomas@walsdorf.name\">thomas@walsdorf.name<\/a> <\/p>\n\n\n\n<p>Webseite: <a href=\"https:\/\/www.thomaswalsdorf.de\">www.thomaswalsdorf.de<\/a><\/p>\n\n\n\n<h2 class=\"wp-block-heading\">Hinweis<\/h2>\n\n\n\n<p>Dies ist eine private Webseite die ausschlie\u00dflich zur Information \u00fcber Aktivit\u00e4ten zu meinem Hobby dient.<\/p>\n","protected":false},"excerpt":{"rendered":"<p>Adresse Thomas Walsdorf Bachstrasse 6 15827 Blankenfelde Kontakt Telefon: 01525 &#8211; 391 25 71 Mail: thomas@walsdorf.name Webseite: www.thomaswalsdorf.de Hinweis Dies [&hellip;]<\/p>\n","protected":false},"author":1,"featured_media":0,"parent":0,"menu_order":0,"comment_status":"closed","ping_status":"closed","template":"","meta":{"footnotes":""},"class_list":["post-165","page","type-page","status-publish","hentry"],"_links":{"self":[{"href":"https:\/\/thomaswalsdorf.de\/index.php?rest_route=\/wp\/v2\/pages\/165","targetHints":{"allow":["GET"]}}],"collection":[{"href":"https:\/\/thomaswalsdorf.de\/index.php?rest_route=\/wp\/v2\/pages"}],"about":[{"href":"https:\/\/thomaswalsdorf.de\/index.php?rest_route=\/wp\/v2\/types\/page"}],"author":[{"embeddable":true,"href":"https:\/\/thomaswalsdorf.de\/index.php?rest_route=\/wp\/v2\/users\/1"}],"replies":[{"embeddable":true,"href":"https:\/\/thomaswalsdorf.de\/index.php?rest_route=%2Fwp%2Fv2%2Fcomments&post=165"}],"version-history":[{"count":1,"href":"https:\/\/thomaswalsdorf.de\/index.php?rest_route=\/wp\/v2\/pages\/165\/revisions"}],"predecessor-version":[{"id":166,"href":"https:\/\/thomaswalsdorf.de\/index.php?rest_route=\/wp\/v2\/pages\/165\/revisions\/166"}],"wp:attachment":[{"href":"https:\/\/thomaswalsdorf.de\/index.php?rest_route=%2Fwp%2Fv2%2Fmedia&parent=165"}],"curies":[{"name":"wp","href":"https:\/\/api.w.org\/{rel}","templated":true}]}}